 27 + 18 + -35?
-12
What is -140 - -134 - (0 - 22)?
16
-6 + -10 + -12 + 10 + -9 + 7
-20
-7 + 13 + -8 - (-3 + 12)
-11
What is -7 - (0 - (7 + 0) - -10)?
-10
Calculate -29 - (41 + -34 + -10).
-26
Calculate (-69 - -61) + (10 + -5 - -2).
-1
What is -9 + -1 + (45 - 76) + 46?
5
Evaluate (-1 + 2 - 0) + (-2 + -24 - -15).
-10
What is the value of ((7 - 8) + -6 - -9) + -11?
-9
What is 0 + (-14 - (8 + 12)) - -16?
-18
What is -18 - (-14 - (-1 + 11))?
6
Evaluate 3 + 5 + (0 + 3 - 14) + 11.
8
Evaluate 4 + (-3 - -13) - 15.
-1
What is -35 - (-10 + -1 + -3 + (-2 - -14))?
-33
What is the value of 15 + -6 + -13 + 3?
-1
(-8 - (-6 + (7 - -13))) + 8
-14
What is -34 - -40 - (-3 - -22)?
-13
What is the value of 29 - 26 - (-6 - 0 - (28 - 35))?
2
What is the value of 5 + -4 + (-26 - -12) + 7?
-6
What is 32 - 3 - (-44 - -65)?
8
-7 - (94 + -92 + (0 - 5))
-4
Evaluate -29 + 23 + -2 + (-2 - -3) + -4.
-11
(0 - (3 + -16)) + (3 - 14)
2
What is -10 + (5 - (0 + -8))?
3
(21 - 43) + 29 + (-10 - 1)
-4
What is the value of -1 + -25 + (79 - 65)?
-12
Evaluate -3 + (-14 + 4 - -7) - -3.
-3
Evaluate -5 - (7 - (12 - 5)).
-5
What is 15 + -1 + 1 + -1 + -3 + -1?
10
Evaluate (-6 - (9 - 10)) + 18 + -1 + 12.
24
Evaluate -3 - (-1 - -7) - (-4 + 9 + -6).
-8
What is the value of -14 - (9 + -8 + -2) - (2 + -1)?
-14
What is (-28 - 8) + (-17 - -48)?
-5
(-37 - -25 - -41) + -33
-4
Evaluate -12 - (-21 + 18 + -16).
7
Evaluate -9 + 17 + -13 - ((-15 - 0) + -2).
12
Evaluate -9 - (-5 - 2) - (-34 - 7 - -8).
31
What is the value of 26 + -9 + 1 - (9 + (5 - 9))?
13
(16 - (7 - -7)) + 13 - 24
-9
Calculate 0 + 8 + 0 - (-14 - (48 + -68)).
2
Evaluate (8 + -2 + (-7 - 7) - -18) + -5.
5
Calculate 1 - 5 - ((5 - 7) + 10 + 1).
-13
-36 + (2 - -36) + (1 - -3)
6
Evaluate (-11 + 28 - 17) + -5.
-5
What is -2 + 1 + 0 - (-23 + 35 - 1)?
-12
What is 6 + -11 - -10 - (-3 + 12 + 2)?
-6
Calculate 0 + (10 - 13) + 11 + 5.
13
What is -14 - ((-1 - 11 - -1) + 2)?
-5
Evaluate (4 - 14) + -63 + 72.
-1
(-7 - -27) + -5 + -3
12
Evaluate (1 - 26) + 87 + -58.
4
Evaluate (-1 - 36) + (19 - -19).
1
4 + 10 - (50 + 9 - 26)
-19
-7 + 24 + 9 + -14
12
Calculate -9 + (-3 - (-11 - (-8 - -2))) - 0.
-7
Evaluate -3 - -18 - -1 - (2 - 0).
14
What is the value of 13 + -14 + 9 - (5 - 1)?
4
What is (18 - 30) + 11 - -8?
7
What is the value of -1 + -1 + (-13 - (14 - (10 - -21)))?
2
Calculate (4 - (3 + -10 + 16)) + -1 + -4.
-10
What is the value of 6 - (-2 + (3 - (4 - -6)) + 14)?
1
Evaluate 29 - ((16 + 0 - 9) + 1).
21
What is the value of 7 + -12 + 2 - -20?
17
What is (10 - (12 - (12 - 7))) + -3 + -1?
-1
Evaluate 17 - (19 + -9 - 3).
10
Evaluate 6 + 7 + -8 + 5 + -10.
0
Calculate (-19 + 10 - -8) + 2 + -3 + 7.
5
What is the value of 0 - (-8 - (9 + -8)) - 6?
3
-5 + -1 + 9 + -5 + 4
2
What is the value of (-37 - -39) + (-5 - 5)?
-8
Evaluate (-25 - (4 + (6 - 11) + -6)) + 0.
-18
Calculate -3 - (-1 + (-2 - -1) + -8).
7
Evaluate -3 - (4 + -19 + 6 + 3 + 4).
-1
What is (-109 - -95) + (10 - 8)?
-12
-9 + (13 - (1 + 8)) - 7
-12
What is -12 + -1 - (441 + -445)?
-9
1 + (9 - 9) + 9
10
Calculate (-13 - -2) + 2 - (-6 + -1 - -2).
-4
What is the value of -6 - (26 - 6) - (-52 + 41)?
-15
What is the value of 0 - ((0 - 8 - -3 - -13) + -5)?
-3
Evaluate 33 + 31 - 14 - 25.
25
What is -2 + (0 - -2) - ((29 - -9) + -21)?
-17
Evaluate 11 + (-11 - -10) - 8.
2
What is the value of (-323 - -306) + 6 + 1?
-10
Evaluate 16 + 2 + 6 + -29.
-5
Evaluate 56 - (35 + -38 + 39).
20
Evaluate -11 + 4 + 2 + 19 + -9 - 3.
2
Calculate 15 - (-2 + -1 - -6).
12
Calculate -1 - -10 - (8 + (-23 - -11)).
13
Evaluate 3 + (-3 - -1) + -17 + 7 - 20.
-29
What is the value of (54 - (112 + -59)) + 0 + 0?
1
Evaluate -5 + -1 + 56 + -66 + 21.
5
Evaluate (20 - 0) + 8 + 8 + (-2 - 23).
11
What is the value of 1 + 3 + -3 + (3 - (-8 - -8))?
4
What is -1 + (-4 - -10) - -6?
11
-2 + 5 - 20 - (-27 + 10 + 12)
-12
Calculate 5 - ((-1 - 2) + (-23 - -9) + 16).
6
Calculate -27 + 34 + -17 + 9.
-1
What is -10 - -17 - 1 - 13 - 3?
-10
What is (-22 - -7 - -12) + 25?
22
What is 14 + -31 + 19 - (11 + -1) - 9?
-17
What is 21 - (9 + 11) - 16?
-15
Evaluate -4 - (17 - (-14 + 22)).
-13
Evaluate -8 + 11 + -11 + -7 + 11.
-4
Evaluate 14 + -21 + -8 + 26 + -1.
10
Calculate (16 - (19 + 3)) + 1 + -7.
-12
Evaluate (0 - (-8 - -4)) + (15 - 14).
5
What is the value of 16 - 32 - (-3 - 8 - (13 - 23))?
-15
What is 4 - 12 - (-39 - -20 - -23)?
-12
(-1 + 0 - (-3 + 2 + 3)) + -4
-7
What is the value of 57 + -57 + 14 + (-49 - -1)?
-34
Evaluate -25 + 1 - (-494 - -476).
-6
-7 + (-3 - -3) + (-148 - -153)
-2
((-20 - -15) + -9 - -38) + (-8 - 0)
16
Evaluate (-3 - 3) + -16 + (21 - -8).
7
Calculate 16 + -24 - -4 - -10.
6
What is -1 + -33 - (646 - 672)?
-8
Calculate -28 - 8 - (-1 + -8) - (-7 + 13).
-33
What is 17 - -4 - (35 - 19)?
5
Calculate -8 + (2 - 2) - ((-17 - -26) + -6).
-11
What is the value of -1 - (-3 + -6 + -7 + 7 - 2)?
10
2 + -5 - (-11 - (14 + -31))
-9
What is the value of -12 - -6 - -12 - (12 + 3 - -2)?
-11
Calculate (7 + -12 - -15) + (10 - 1) - 2.
17
What is the value of (-1 - 1) + (-18 - (33 - 45))?
-8
What is 12 + -3 - (-9 + (2 - 3) + 4)?
15
Calculate 5 + -5 + 13 + -6.
7
What is -6 + 0 + 1 + (-10 - 6 - -10)?
-11
-1 + -11 - (116 - 111)
-17
-7 - (3 + -6 + -2)
-2
Evaluate (-1943 - -1937) + (-12 - (1 + (-5 - -2))).
-16
What is 2 - (11 + (1 - 23))?
13
What is -1 + 21 - (2 + 9)?
9
What is the value of (-15 - (-19 + 9)) + 6 + 1?
2
What is -2 - (-2 - -11) - (22 + -23)?
-10
Calculate -6 + -18 + (15 - -25).
16
What is 6 + -13 + 14 - (-5 + 7 + -5)?
10
Calculate (5 - 9) + (9 + -6 - (2 - -3)).
-6
Calculate 6 - (-1 - (1 - 5 - (-1 - -4))).
0
What is 13 + -7 + -1 + -8 - (-3 - 14)?
14
Calculate 3 + 5 + (20 - 36).
-8
Evaluate 80 - (122 - 49) - (38 + 0).
-31
What is 20 - 27 - (-4 + 1 + -17)?
13
What is the value of 1 + -14 - (391 + -366)?
-38
-5 + (9 - 3) - 7 - -16
10
Evaluate (-7 - -1) + (43 + -21 - 22) + 29.
23
Evaluate 0 - (-7 + 1 + (-5 - -5 - 5)).
11
Evaluate 925 + -913 + (-13 - -1 - -1).
1
Evaluate 1 - 0 - (23 - 71 - -36).
13
Calculate 50 + -55 + (0 - (-2 + 2) - -4).
-1
What is 99 - 62 - 32 - ((-1 - 0) + 15)?
-9
What is the value of -33 + (15 - (-4 + -16))?
2
Evaluate 10 + (15 - (6 + 16)).
3
What is the value of -60 + (-50 - -105) + -4 + 2 + -7?
-14
What is -4 + 21 + -14 + 3 + (0 - 7)?
-1
Evaluate (-4 - (16 + (0 - 6) + 0)) + 1.
-13
Evaluate 35 + (-6 - (20 + -13)).
22
Evaluate -5 - 2 - (0 + (9 - 16)) - 0.
0
Calculate (-9 - 28) + 22 - -15.
0
Calculate -18 + 5 + (3 - -3).
-7
Calculate 0 - -22 - (-9 - (13 - 25)).
19
Calculate -5 - (-15 + 8 + -1 + -1) - -4.
8
1 + (0 + 13 + 0 - 8 - -3)
9
What is the value of (10 - 16) + -5 - -10?
-1
11 + (25 - (12 + 35))
-11
Evaluate 13 + 13 + (2 - 9) + -13.
6
Evaluate 11 - 2 - (194 - 181).
-4
Evaluate -9 + (8 + -18 - -9).
-10
1 + -1 + (6 - (-23 - -4)) + -1
24
What is (16 - -1) + -40 + 22?
-1
(-128 - -154) + -1 + -43
-18
What is -2 - ((13 - 4) + 1)?
-12
10 + 2 + (667 - 665)
14
(-53 + 29 - -21) + -12
-15
Calculate 8 + -1 - (37 + -26 + 8).
-12
(16 - (-10 + 10)) + -13
3
Evaluate (-3 - -2 - (-12 - -1 - -18)) + 24.
16
Calculate (-18 - (-29 - 14)) + -12 - (-4 - 1).
18
Calculate (9 - -2) + 7 + (19 - 8) - 5.
24
Calculate -8 + 15 - (-4 + (3 - 0) + 22).
-14
Calculate -7 - (-1 + -26 - (-41 + 18 + 16)).
13
(-27 - -5) + (57 - 18)
17
What is -4 + -2 + -9 + 17 + 8?
10
Calculate 13 - (2 - (-4 - (9 + -5))).
3
Calculate -10 + (6 + -7 - (7 + -2 + -2)).
-14
Calculate -11 + (-14 - 7) + 41.
9
What is the value of 28 + 49 + (-92 - -2)?
-13
What is -10 + (28 - 7) + -8?
3
-3 - ((2 - (3 + 0)) + -10)
8
Calculate 10 - ((11 - 8) + -1).
8
What is (40 - 48) + 1 + -2 + -14?
-23
What is the value of -1 + (-10 + -2 - -7) - -5?
-1
0 - -7 - (-24 + 12 - (-22 - 6))
-9
Evaluate -11 - (59 - 48 - (0 + 14)).
-8
What is the value of 4 + -1 + (4 - (-1 + 9)) + 1?
0
-8 - (1 + -1 - (-2 + (6 - 8)))
-12
Evaluate 24 + -7 + 12 + -4 + -4.
21
What is -3 + (11 - 4 - -12 - 2) + -7?
7
What is the value of 459 - 493 - (-10 - -1)?
-25
Evaluate -19 - -23 - (-3 + 11 + -2 + 0).
-2
What is the value of -3 + -20 - (11 + -37)?
3
-24 + (3 - -6) + 8 - 5
-12
41 + -8 + (33 - 23 - 18)
25
(-2 - 1) + -2 + -8 + 4
-9
Evaluate 8 - (-6 - (18 + -40)).
-8
Evaluate (-2 - 17) + -82 + 90.
-11
Calculate 27 + -30 - (-2 - (5 - 11)).
-7
What is -8 + 6 - (-9 + -1 + -13)?
21
-12 + (0 - -1) + (111 - 94)
6
What is 116 + -131 + (2 - -1)?
-12
What is